hat are the prime factors of q?
2, 3, 17
Let m = 33 + 46. List the prime factors of m.
79
Suppose v - 30 = 2. Suppose -5*l = -l - v. List the prime factors of l.
2
What are the prime factors of (-80)/(-7) + (-18)/(-168)*-4?
11
Suppose 0*f + 10 = -2*f, 0 = -3*x + 4*f + 95. Let u = 40 - x. Suppose 10 = -i + 3*i, i = 2*w - u. What are the prime factors of w?
2, 5
Suppose 4*r + 2*l = 398, 3*l = 5*r + l - 475. List the prime factors of r.
97
Let s(z) = -z**2 - 13*z - 7. Let r = -17 - -6. List the prime factors of s(r).
3, 5
Suppose 0 = 3*v - 7*v + 336. List the prime factors of v.
2, 3, 7
Let r = -5 - -7. Suppose 2*y = 3*y - 3*s, -r*y + 25 = -s. What are the prime factors of y?
3, 5
Suppose 3*j + n = j + 79, 0 = -2*j + n + 73. Let v = -16 + j. Suppose q - 3*q = -v. List the prime factors of q.
11
Let u = 27 - -13. List the prime factors of u.
2, 5
Let n(f) = f**2 - 2*f + 6. Suppose 4 - 16 = -2*y. Let t be n(y). Suppose -3*u + t = -0*u. List the prime factors of u.
2, 5
Let i be 2/(-6) - (-110)/33. Suppose 11 + 112 = i*x. What are the prime factors of x?
41
Let i(o) be the first derivative of -o**3/3 - o + 2. Let y be i(0). What are the prime factors of 3/(-9)*15/y?
5
Let g be 1*(4 + -2)*7. Let l = g + -5. List the prime factors of l.
3
Let z(l) = l**3 - 4*l**2 + 2*l - 2. What are the prime factors of z(4)?
2, 3
Let h(z) = z**2 + z - 4. Let v be h(-4). Suppose -14 = -2*r + v. What are the prime factors of r?
11
Let o be (-3)/2*(-4)/3. Suppose o*a + 3*i + 15 = 0, -i - 27 = 4*a + 2*i. Let h(t) = t**3 + 6*t**2 - 2*t - 1. List the prime factors of h(a).
11
What are the prime factors of (351/18)/(6/16)?
2, 13
Let g = 4 + 6. List the prime factors of g.
2, 5
Let h(i) = -2*i + 10. List the prime factors of h(-7).
2, 3
Let a(z) = 13*z**2 + 2. Let r be a(-2). Let b = r + -33. What are the prime factors of b?
3, 7
What are the prime factors of 0/(-1) + 2 + 14?
2
Suppose 30 = -2*y + 7*y. Suppose -5*k = -66 + y. What are the prime factors of k?
2, 3
Suppose y = p + 3*y - 18, 2*y = -2*p + 28. List the prime factors of p.
2, 5
Let q = 6 - 7. Let g be (18/8)/((-2)/(-8)). Let p = g + q. List the prime factors of p.
2
Suppose -10 = v + 2*m, -v = 2*v + 2*m + 26. List the prime factors of (-2)/8 - 98/v.
2, 3
Let v(l) = 2*l**3 + 2*l + 1. Let z be v(-1). Let a = 1 + z. Let x = 5 + a. List the prime factors of x.
3
Let a = 24 - 13. Suppose 0 = 2*u - u - 3, 2*m - u - a = 0. List the prime factors of m.
7
Suppose -2*k + 0*k - 2 = 0. List the prime factors of 1*((-1 - k) + 20).
2, 5
Let u(y) = 4*y - 1. Let m be u(-1). Let k be 3/((30/68)/m). Let l = 52 + k. What are the prime factors of l?
2, 3
Let b be 17*(-3 - -4) - -1. Let a(u) = u**3 - 19*u**2 + 19*u. What are the prime factors of a(b)?
2, 3
Suppose -4*m + 156 = 20. What are the prime factors of m?
2, 17
Let x be 6/21 - 2/7. Suppose 9 = -3*b - x. What are the prime factors of b/4*(-4)/1?
3
Let c(v) = 2*v - 3. Suppose 2*d - 6*d + 20 = 4*x, 3*d + 2*x - 16 = 0. What are the prime factors of c(d)?
3
Let r be (-4)/14 + (-30)/42. What are the prime factors of 14 - (-3)/(2 - r)?
3, 5
Let t(n) = n**2 + n + 3. Let b be t(5). Suppose 0 = s + 2*s - b. What are the prime factors of s?
11
Suppose 0*o = -o + 42. Suppose 0 = t - 4*t + o. List the prime factors of t.
2, 7
Suppose -2*h + 0*h = -152. Suppose -a - 5*d - 62 + 6 = 0, 2*a + h = -d. Let q = a + 50. List the prime factors of q.
2, 7
List the prime factors of (-17416)/(-105) + 4/30.
2, 83
Let v = 57 + -34. What are the prime factors of v?
23
Let m(x) = 2 - 3*x**2 + 1 + x**3 - 3*x**2. What are the prime factors of m(6)?
3
Let x(l) = -5 - 3*l + 4 - 3*l**2 + 0*l + 2*l**2. Let s be x(-2). Let f = 4 - s. What are the prime factors of f?
3
Suppose 5*q + s - 12 - 1 = 0, 8 = -2*q + 4*s. Suppose 2 = -q*w - 10. Let x = w + 11. What are the prime factors of x?
5
Let u = 171 - 88. List the prime factors of u.
83
Let h = -171 - -242. Suppose 3*o + 7*q = 2*q + 41, -h = -3*o + q. List the prime factors of o.
2, 11
Let j(d) be the second derivative of 3*d**5/10 - d**4/6 + d**3/3 - d**2 + 8*d. What are the prime factors of j(2)?
2, 3, 7
Let k = -22 - -55. List the prime factors of k.
3, 11
Suppose 1 = 4*g - 19. What are the prime factors of g?
5
Suppose -72 = d + 24. Let o = d - -150. Suppose 4*v = -5*z + 70, v = 5*z - 16 - o. List the prime factors of z.
2, 7
Let t be -1*(-6 - 0)/(-1). List the prime factors of 44/6*(-9)/t.
11
Let z be (-2)/7 - 74/(-14). Suppose -3*q + 1 = 2*i - z, -q - 3*i - 5 = 0. Suppose -18 = -q*g + 42. List the prime factors of g.
3, 5
Let t = 10 + -5. Suppose t*k = k + 12. Suppose -k*a + 3 = -6. What are the prime factors of a?
3
Suppose 0*a - 3*p - 5 = -2*a, 4*p = -a + 30. Suppose 0 = 2*m + a, 2*g + 2*m = 3*m + 47. List the prime factors of g.
3, 7
Suppose 3*w = -15, 7*s = 2*s - 4*w - 10. Suppose -2 = d - 4*c - 0, -s*c = 5*d - 34. What are the prime factors of d?
2, 3
Suppose 0 = d - 6*d + 25. What are the prime factors of d?
5
Suppose 3*z = 4*z - 3. Suppose -b + z = -2. Suppose -b*k = -10 - 0. List the prime factors of k.
2
Suppose 5*u + a = 2, -u + 3*u - 2*a - 8 = 0. Let m(h) = h**2 + 3. Let t be m(6). List the prime factors of (-1)/(u*(-3)/t).
13
Let a be 1/(-2 - 9/(-4)). Let g(o) = -o**3 + o**2 + o + 4. Let i be g(0). Suppose -i*s - a = 0, s = -4*p + 2*s + 37. What are the prime factors of p?
3
Let h = 213 + -101. What are the prime factors of h?
2, 7
List the prime factors of (36/45)/(1/55).
2, 11
Let u(p) = 16*p - 1. What are the prime factors of u(5)?
79
Let x = -3 - -5. Suppose x*y = 11 + 3. Suppose -2*v = -3*w + y*w - 10, 3*v + 5*w = 14. What are the prime factors of v?
3
Let f be 5*8/20 - -1. Suppose 2*n + 36 = f*z + 3*n, -4*z - 3*n = -43. List the prime factors of z.
13
Suppose -2*v - 5*h + 113 = -0*v, -4*v - 5*h + 251 = 0. What are the prime factors of v?
3, 23
Let o(d) = -9*d - 1. Let k be o(-1). Let p = k + 20. Let i = p - 17. What are the prime factors of i?
11
Let m be 3 - -8*3/2. What are the prime factors of (-3 - 0) + (m - 0)?
2, 3
Suppose 0 = 2*v - 4*v. Let i = v - -2. List the prime factors of i.
2
Let c(z) = -z**2 - 8*z - 1. Let l = 8 - 15. Let n be c(l). Suppose n*f = 5*f + 5. What are the prime factors of f?
5
Let w(x) = -2*x + 2. Let t be w(3). Let k = t - -10. What are the prime factors of k?
2, 3
Suppose -5*m - 2*s = -16, -6 - 12 = -3*m - 4*s. Suppose t = m*i + 3*i + 1, 4*t - 4 = -i. Suppose -v + 8 = -i*v. What are the prime factors of v?
2
Let w(s) = 3 - 7*s**2 + 7*s + 0 - s**3 + 0*s**3. List the prime factors of w(-8).
11
Let u = 122 - 65. List the prime factors of u.
3, 19
Let q(d) = -d + 1. Let g(x) = -2*x - 5. Let r(k) = g(k) + q(k). List the prime factors of r(-7).
17
Let z be (-1224)/20 - (-3)/15. Let q = z - -97. List the prime factors of q.
2, 3
Let p(v) = v**2 - 9*v + 4. Let f be p(7). Let j be 232/5 - (-4)/f. Suppose -5*t + j = 4*w, t - 6*t = 2*w - 48. List the prime factors of t.
2, 5
Let h = 34 + 45. List the prime factors of h.
79
Let y(a) = 4*a**2 - 7*a + 1. What are the prime factors of y(5)?
2, 3, 11
Let w(d) = 4*d - 1. Let k be ((-9)/(-2))/1*2. Let r = k - 7. List the prime factors of w(r).
7
Let f = 3 + -6. Let v be (-53)/f + (-2)/3. Suppose 3*i + 2*b = -b + 39, -v = -2*i + b. What are the prime factors of i?
2, 5
Let s = 217 - 112. What are the prime factors of s?
3, 5, 7
Let a be (1 + -5)/(0 + 1). Let q be ((-48)/20)/(a/10). Suppose -b + q*b - 60 = j, 4*j = -20. List the prime factors of b.
11
Let g be ((-8)/3)/((-8)/12). Let m be (-2)/(-7) + 9306/14. List the prime factors of m/45 - g/(-18).
3, 5
Suppose o - 4*h + 10 = -0*o, 0 = -o - h. What are the prime factors of o*-1*4/4?
2
Let c(r) = 20*r + 28. What are the prime factors of c(5)?
2
Suppose 139 = 4*q - 3*q. What are the prime factors of q?
139
Let u = -6 - -19. Let p = 31 - u. List the prime factors of p.
2, 3
Suppose 24 = 2*q + 2*q. Let p(x) = x**2 + 2*x - 3. Let c be p(2). Let o = c + q. What are the prime factors of o?
11
Let q(v) = -v - 5. Let a be q(-7). Let i be 4/(-10) - (-871)/65. Suppose -i = -a*b + 17. List the prime factors of b.
3, 5
Let r(k) = -7*k - 5. Let w be (-7)/(49/6)*7. List the prime factors of r(w).
37
Let i = -9 + 9. List the prime factors of 3/(i + -6)*-68.
2, 17
Let q(x) = 2*x + 8. Let w be q(6). Suppose 0 = 5*u - 36 - 4. What are the pri